{"id":7543,"date":"2024-08-06T11:21:14","date_gmt":"2024-08-06T14:21:14","guid":{"rendered":"https:\/\/bairesdeluxe.com.ar\/?post_type=product&#038;p=7543"},"modified":"2025-12-01T10:38:11","modified_gmt":"2025-12-01T13:38:11","slug":"puff-baulera-vidar","status":"publish","type":"product","link":"https:\/\/bairesdeluxe.com.ar\/?product=puff-baulera-vidar","title":{"rendered":"Puff Baulera Vidar"},"content":{"rendered":"<h1>Puff Baulera Vidar<\/h1>\n<div class=\"elementWrapper\">\n<div class=\"elementsLib topLine\">\n<div class=\"titleBlock\"><\/div>\n<\/div>\n<\/div>\n<div class=\"elementWrapper\">\n<div class=\"elementsLib\">\n<div class=\"list_elem \">\n<div>\n<div class=\"elementWrapper\">\n<div class=\"elementsLib\">\n<div>\n<p data-path-to-node=\"24,0\">\u00abA\u00f1ade un toque de <b>glamour<\/b> instant\u00e1neo a tu sala de estar u oficina en casa con este <b>Puff Baulera Vidar moderno<\/b>. Este <b>puff de almacenamiento<\/b> est\u00e1 cuidadosamente fabricado a partir de <b>terciopelo de alta calidad<\/b>, proporcionando una textura suave y lujosa. La base de metal brillante no solo asegura una <b>fabricaci\u00f3n s\u00f3lida y precisa<\/b>, sino que tambi\u00e9n aporta un toque de <b>elegancia<\/b> distintiva al dise\u00f1o. Gracias a su <b>multifuncionalidad<\/b>, este <b>Puff Baulera de Terciopelo<\/b> puede utilizarse eficazmente como reposapi\u00e9s, asiento adicional o como un discreto ba\u00fal para guardar objetos.<\/p>\n<p data-path-to-node=\"24,1\"><b>Ventajas Destacadas:<\/b><\/p>\n<ul data-path-to-node=\"24,2\">\n<li>\n<p data-path-to-node=\"24,2,0,0\">Colores elegantes y dise\u00f1o original<\/p>\n<\/li>\n<li>\n<p data-path-to-node=\"24,2,1,0\">Apariencia y materiales de Alta calidad<\/p>\n<\/li>\n<li>\n<p data-path-to-node=\"24,2,2,0\">Confort del asiento \u00f3ptimo<\/p>\n<\/li>\n<li>\n<p data-path-to-node=\"24,2,3,0\">Fabricaci\u00f3n s\u00f3lida y precisa<\/p>\n<\/li>\n<\/ul>\n<p data-path-to-node=\"24,3\"><b>Dimensiones:<\/b> Ancho: <span class=\"math-inline\" data-math=\"43 \\text{ cm}\"><span class=\"katex\"><span class=\"katex-html\" aria-hidden=\"true\"><span class=\"base\"><span class=\"mord\">43<\/span><span class=\"mord text\"><span class=\"mord\">\u00a0cm<\/span><\/span><\/span><\/span><\/span><\/span>, Profundidad: <span class=\"math-inline\" data-math=\"43 \\text{ cm}\"><span class=\"katex\"><span class=\"katex-html\" aria-hidden=\"true\"><span class=\"base\"><span class=\"mord\">43<\/span><span class=\"mord text\"><span class=\"mord\">\u00a0cm<\/span><\/span><\/span><\/span><\/span><\/span>, Altura: <span class=\"math-inline\" data-math=\"37 \\text{ cm}\"><span class=\"katex\"><span class=\"katex-html\" aria-hidden=\"true\"><span class=\"base\"><span class=\"mord\">37<\/span><span class=\"mord text\"><span class=\"mord\">\u00a0cm<\/span><\/span><\/span><\/span><\/span><\/span>\u00ab<\/p>\n<table data-path-to-node=\"5\">\n<thead>\n<tr>\n<td><strong>Caracter\u00edstica<\/strong><\/td>\n<td><strong>Detalle<\/strong><\/td>\n<\/tr>\n<\/thead>\n<tbody>\n<tr>\n<td><span data-path-to-node=\"5,1,0,0\"><b>Modelo<\/b><\/span><\/td>\n<td><span data-path-to-node=\"5,1,1,0\">Vidar<\/span><\/td>\n<\/tr>\n<tr>\n<td><span data-path-to-node=\"5,2,0,0\"><b>Tipo de Producto<\/b><\/span><\/td>\n<td><span data-path-to-node=\"5,2,1,0\">Puff Baulera \/ Puff de Almacenamiento<\/span><\/td>\n<\/tr>\n<tr>\n<td><span data-path-to-node=\"5,3,0,0\"><b>Uso Principal<\/b><\/span><\/td>\n<td><span data-path-to-node=\"5,3,1,0\">Asiento Adicional, Reposapi\u00e9s, Almacenamiento<\/span><\/td>\n<\/tr>\n<tr>\n<td><span data-path-to-node=\"5,4,0,0\"><b>Material de Tapizado<\/b><\/span><\/td>\n<td><span data-path-to-node=\"5,4,1,0\">Terciopelo de Alta Calidad<\/span><\/td>\n<\/tr>\n<tr>\n<td><span data-path-to-node=\"5,5,0,0\"><b>Material de Base<\/b><\/span><\/td>\n<td><span data-path-to-node=\"5,5,1,0\">Metal Brillante<\/span><\/td>\n<\/tr>\n<tr>\n<td><span data-path-to-node=\"5,6,0,0\"><b>Estilo de Dise\u00f1o<\/b><\/span><\/td>\n<td><span data-path-to-node=\"5,6,1,0\">Moderno, Glamour<\/span><\/td>\n<\/tr>\n<tr>\n<td><span data-path-to-node=\"5,7,0,0\"><b>Ancho<\/b><\/span><\/td>\n<td><span data-path-to-node=\"5,7,1,0\">43 cm<\/span><\/td>\n<\/tr>\n<tr>\n<td><span data-path-to-node=\"5,8,0,0\"><b>Profundidad<\/b><\/span><\/td>\n<td><span data-path-to-node=\"5,8,1,0\">43 cm<\/span><\/td>\n<\/tr>\n<tr>\n<td><span data-path-to-node=\"5,9,0,0\"><b>Altura<\/b><\/span><\/td>\n<td><span data-path-to-node=\"5,9,1,0\">37 cm<\/span><\/td>\n<\/tr>\n<tr>\n<td><span data-path-to-node=\"5,10,0,0\"><b>Fabricaci\u00f3n<\/b><\/span><\/td>\n<td><span data-path-to-node=\"5,10,1,0\">S\u00f3lida y Precisa<\/span><\/td>\n<\/tr>\n<tr>\n<td><span data-path-to-node=\"5,11,0,0\"><b>Ventaja Clave<\/b><\/span><\/td>\n<td><span data-path-to-node=\"5,11,1,0\">Multifuncional y Espacio de Guardado<\/span><\/td>\n<\/tr>\n<\/tbody>\n<\/table>\n<p>\u00a1Organiza y Decora con Lujo!<\/p>\n<h3>Comprar Ahora y pagando en efectivo ten\u00e9s el 10% de descuento<\/h3>\n<\/div>\n<\/div>\n<\/div>\n<\/div>\n<\/div>\n<\/div>\n<\/div>\n","protected":false},"excerpt":{"rendered":"<p><b>Glamour y funcionalidad en uno.<\/b> Este Puff Baulera Vidar combina terciopelo de alta calidad con una elegante base de metal. \u00dasalo como c\u00f3modo asiento, reposapi\u00e9s o como ba\u00fal de almacenamiento para mantener tu espacio organizado y sofisticado.<\/p>\n","protected":false},"featured_media":7544,"template":"","meta":{"ocean_post_layout":"","ocean_both_sidebars_style":"","ocean_both_sidebars_content_width":0,"ocean_both_sidebars_sidebars_width":0,"ocean_sidebar":"0","ocean_second_sidebar":"0","ocean_disable_margins":"enable","ocean_add_body_class":"","ocean_shortcode_before_top_bar":"","ocean_shortcode_after_top_bar":"","ocean_shortcode_before_header":"","ocean_shortcode_after_header":"","ocean_has_shortcode":"","ocean_shortcode_after_title":"","ocean_shortcode_before_footer_widgets":"","ocean_shortcode_after_footer_widgets":"","ocean_shortcode_before_footer_bottom":"","ocean_shortcode_after_footer_bottom":"","ocean_display_top_bar":"default","ocean_display_header":"default","ocean_header_style":"","ocean_center_header_left_menu":"0","ocean_custom_header_template":"0","ocean_custom_logo":0,"ocean_custom_retina_logo":0,"ocean_custom_logo_max_width":0,"ocean_custom_logo_tablet_max_width":0,"ocean_custom_logo_mobile_max_width":0,"ocean_custom_logo_max_height":0,"ocean_custom_logo_tablet_max_height":0,"ocean_custom_logo_mobile_max_height":0,"ocean_header_custom_menu":"0","ocean_menu_typo_font_family":"0","ocean_menu_typo_font_subset":"","ocean_menu_typo_font_size":0,"ocean_menu_typo_font_size_tablet":0,"ocean_menu_typo_font_size_mobile":0,"ocean_menu_typo_font_size_unit":"px","ocean_menu_typo_font_weight":"","ocean_menu_typo_font_weight_tablet":"","ocean_menu_typo_font_weight_mobile":"","ocean_menu_typo_transform":"","ocean_menu_typo_transform_tablet":"","ocean_menu_typo_transform_mobile":"","ocean_menu_typo_line_height":0,"ocean_menu_typo_line_height_tablet":0,"ocean_menu_typo_line_height_mobile":0,"ocean_menu_typo_line_height_unit":"","ocean_menu_typo_spacing":0,"ocean_menu_typo_spacing_tablet":0,"ocean_menu_typo_spacing_mobile":0,"ocean_menu_typo_spacing_unit":"","ocean_menu_link_color":"","ocean_menu_link_color_hover":"","ocean_menu_link_color_active":"","ocean_menu_link_background":"","ocean_menu_link_hover_background":"","ocean_menu_link_active_background":"","ocean_menu_social_links_bg":"","ocean_menu_social_hover_links_bg":"","ocean_menu_social_links_color":"","ocean_menu_social_hover_links_color":"","ocean_disable_title":"default","ocean_disable_heading":"default","ocean_post_title":"","ocean_post_subheading":"","ocean_post_title_style":"","ocean_post_title_background_color":"","ocean_post_title_background":0,"ocean_post_title_bg_image_position":"","ocean_post_title_bg_image_attachment":"","ocean_post_title_bg_image_repeat":"","ocean_post_title_bg_image_size":"","ocean_post_title_height":0,"ocean_post_title_bg_overlay":0.5,"ocean_post_title_bg_overlay_color":"","ocean_disable_breadcrumbs":"default","ocean_breadcrumbs_color":"","ocean_breadcrumbs_separator_color":"","ocean_breadcrumbs_links_color":"","ocean_breadcrumbs_links_hover_color":"","ocean_display_footer_widgets":"default","ocean_display_footer_bottom":"default","ocean_custom_footer_template":"0"},"product_brand":[723],"product_cat":[184,187,179],"product_tag":[1011,1008,1009,1001,1003,1002,1004,1006,1005,1010,907,1007],"class_list":{"0":"post-7543","1":"product","2":"type-product","3":"status-publish","4":"has-post-thumbnail","6":"product_brand-bairesdeluxe","7":"product_cat-pana-antimanchas","8":"product_cat-puff","9":"product_cat-tela","10":"product_tag-43x43x37-cm","11":"product_tag-asiento-adicional","12":"product_tag-puff-baul","13":"product_tag-puff-baulera-terciopelo","14":"product_tag-puff-con-tapa","15":"product_tag-puff-de-almacenamiento","16":"product_tag-puff-glamour","17":"product_tag-puff-metal-dorado","18":"product_tag-puff-moderno","19":"product_tag-puff-vidar","20":"product_tag-reposapies","21":"product_tag-taburete-terciopelo","23":"entry","24":"has-media","26":"first","27":"instock","28":"shipping-taxable","29":"purchasable","30":"product-type-simple","31":"has-product-nav","32":"col","33":"span_1_of_3","34":"owp-content-center","35":"owp-thumbs-layout-horizontal","36":"owp-btn-big","37":"owp-tabs-layout-vertical"},"aioseo_notices":[],"jetpack_sharing_enabled":true,"_links":{"self":[{"href":"https:\/\/bairesdeluxe.com.ar\/index.php?rest_route=\/wp\/v2\/product\/7543","targetHints":{"allow":["GET"]}}],"collection":[{"href":"https:\/\/bairesdeluxe.com.ar\/index.php?rest_route=\/wp\/v2\/product"}],"about":[{"href":"https:\/\/bairesdeluxe.com.ar\/index.php?rest_route=\/wp\/v2\/types\/product"}],"wp:featuredmedia":[{"embeddable":true,"href":"https:\/\/bairesdeluxe.com.ar\/index.php?rest_route=\/wp\/v2\/media\/7544"}],"wp:attachment":[{"href":"https:\/\/bairesdeluxe.com.ar\/index.php?rest_route=%2Fwp%2Fv2%2Fmedia&parent=7543"}],"wp:term":[{"taxonomy":"product_brand","embeddable":true,"href":"https:\/\/bairesdeluxe.com.ar\/index.php?rest_route=%2Fwp%2Fv2%2Fproduct_brand&post=7543"},{"taxonomy":"product_cat","embeddable":true,"href":"https:\/\/bairesdeluxe.com.ar\/index.php?rest_route=%2Fwp%2Fv2%2Fproduct_cat&post=7543"},{"taxonomy":"product_tag","embeddable":true,"href":"https:\/\/bairesdeluxe.com.ar\/index.php?rest_route=%2Fwp%2Fv2%2Fproduct_tag&post=7543"}],"curies":[{"name":"wp","href":"https:\/\/api.w.org\/{rel}","templated":true}]}}