{"id":2511,"date":"2021-03-25T17:25:45","date_gmt":"2021-03-25T20:25:45","guid":{"rendered":"https:\/\/bairesdeluxe.com.ar\/?post_type=product&#038;p=2511"},"modified":"2025-11-11T09:39:08","modified_gmt":"2025-11-11T12:39:08","slug":"sofa-sillon-alpino-3-cuerpos-pana-antimanchas","status":"publish","type":"product","link":"https:\/\/bairesdeluxe.com.ar\/?product=sofa-sillon-alpino-3-cuerpos-pana-antimanchas","title":{"rendered":"Sof\u00e1 Sill\u00f3n Alpino 3 Cuerpos Pana Antimanchas"},"content":{"rendered":"<p><strong>Sof\u00e1 Sill\u00f3n Alpino 3 Cuerpos Pana Antimanchas<\/strong><\/p>\n<p>Este elegante sof\u00e1 con un marco angular audaz crea una silueta visualmente robusta y las patas de madera maciza c\u00f3nica crean una ilusi\u00f3n de espacio en su habitaci\u00f3n. Los cojines est\u00e1n rellenos con una combinaci\u00f3n de espuma y fibra para un asiento c\u00f3modo y de apoyo con el \u00fanico coj\u00edn del respaldo con un elegante detalle de puntada.<\/p>\n<p>Cuidado del producto: limpie las manchas claras con un champ\u00fa seco y una esponja h\u00fameda, elimine las manchas dif\u00edciles con agua tibia y jab\u00f3n, no use agentes blanqueadores con cloro, aspire con una punta especial, limpie las manchas con agua destilada<\/p>\n<p><strong>CARACTER\u00cdSTICAS:<\/strong><\/p>\n<p>* Estructura de madera maciza de 1&#8243; pulgada de espesor.<\/p>\n<p>* El esqueleto es perfectamente encuadrado, encolado, clavado y engrapado para su firmeza y estabilidad estructural integral.<\/p>\n<p>* Colores: A Tu Elecci\u00f3n Variedad de Colores<\/p>\n<p>* Completamente tapizado en Pana Antimancha<\/p>\n<p>* Asiento relleno de placas Piero Efecto Memoria de alta resistencia de densidad 28 kg, la espuma de alta resistencia es m\u00e1s confortable y m\u00e1s s\u00f3lida que las espumas cl\u00e1sicas por lo que te garantiza un gran confort y una mejor resistencia al paso del tiempo.<\/p>\n<p>* Respaldo y Apoyabrazos relleno de espuma de poliuretano Piero de densidad 24 kg<\/p>\n<p>* Suspensi\u00f3n del respaldo sobre cintas el\u00e1sticas.<\/p>\n<p><strong>MEDIDA PUBLICADA ESTANDAR:<\/strong><\/p>\n<p>* Altura: 82 cm<\/p>\n<p>* Ancho: desde 180cm hasta 210 cm<\/p>\n<p>* Largo \/ Profundidad: 87 cm<\/p>\n<p><strong>OTRAS OPCIONES:<\/strong><\/p>\n<p>&#8211; Consulte por Patas en Aluminio.<\/p>\n<p>&#8211; Consulte por otras medidas.<\/p>\n<p>&#8211; Consulte por otras Telas Disponibles.<\/p>\n","protected":false},"excerpt":{"rendered":"<p>Sof\u00e1 Sill\u00f3n Alpino 3 Cuerpos Pana Antimanchas Este elegante sof\u00e1 con un marco angular audaz crea una silueta visualmente robusta y las patas de madera maciza c\u00f3nica crean una ilusi\u00f3n de espacio en su habitaci\u00f3n. Los cojines est\u00e1n rellenos con una combinaci\u00f3n de espuma y fibra para un asiento c\u00f3modo y de apoyo con el [&hellip;]<\/p>\n","protected":false},"featured_media":2513,"template":"","meta":{"ocean_post_layout":"","ocean_both_sidebars_style":"","ocean_both_sidebars_content_width":0,"ocean_both_sidebars_sidebars_width":0,"ocean_sidebar":"0","ocean_second_sidebar":"0","ocean_disable_margins":"enable","ocean_add_body_class":"","ocean_shortcode_before_top_bar":"","ocean_shortcode_after_top_bar":"","ocean_shortcode_before_header":"","ocean_shortcode_after_header":"","ocean_has_shortcode":"","ocean_shortcode_after_title":"","ocean_shortcode_before_footer_widgets":"","ocean_shortcode_after_footer_widgets":"","ocean_shortcode_before_footer_bottom":"","ocean_shortcode_after_footer_bottom":"","ocean_display_top_bar":"default","ocean_display_header":"default","ocean_header_style":"","ocean_center_header_left_menu":"0","ocean_custom_header_template":"0","ocean_custom_logo":0,"ocean_custom_retina_logo":0,"ocean_custom_logo_max_width":0,"ocean_custom_logo_tablet_max_width":0,"ocean_custom_logo_mobile_max_width":0,"ocean_custom_logo_max_height":0,"ocean_custom_logo_tablet_max_height":0,"ocean_custom_logo_mobile_max_height":0,"ocean_header_custom_menu":"0","ocean_menu_typo_font_family":"0","ocean_menu_typo_font_subset":"","ocean_menu_typo_font_size":0,"ocean_menu_typo_font_size_tablet":0,"ocean_menu_typo_font_size_mobile":0,"ocean_menu_typo_font_size_unit":"px","ocean_menu_typo_font_weight":"","ocean_menu_typo_font_weight_tablet":"","ocean_menu_typo_font_weight_mobile":"","ocean_menu_typo_transform":"","ocean_menu_typo_transform_tablet":"","ocean_menu_typo_transform_mobile":"","ocean_menu_typo_line_height":0,"ocean_menu_typo_line_height_tablet":0,"ocean_menu_typo_line_height_mobile":0,"ocean_menu_typo_line_height_unit":"","ocean_menu_typo_spacing":0,"ocean_menu_typo_spacing_tablet":0,"ocean_menu_typo_spacing_mobile":0,"ocean_menu_typo_spacing_unit":"","ocean_menu_link_color":"","ocean_menu_link_color_hover":"","ocean_menu_link_color_active":"","ocean_menu_link_background":"","ocean_menu_link_hover_background":"","ocean_menu_link_active_background":"","ocean_menu_social_links_bg":"","ocean_menu_social_hover_links_bg":"","ocean_menu_social_links_color":"","ocean_menu_social_hover_links_color":"","ocean_disable_title":"default","ocean_disable_heading":"default","ocean_post_title":"","ocean_post_subheading":"","ocean_post_title_style":"","ocean_post_title_background_color":"","ocean_post_title_background":0,"ocean_post_title_bg_image_position":"","ocean_post_title_bg_image_attachment":"","ocean_post_title_bg_image_repeat":"","ocean_post_title_bg_image_size":"","ocean_post_title_height":0,"ocean_post_title_bg_overlay":0.5,"ocean_post_title_bg_overlay_color":"","ocean_disable_breadcrumbs":"default","ocean_breadcrumbs_color":"","ocean_breadcrumbs_separator_color":"","ocean_breadcrumbs_links_color":"","ocean_breadcrumbs_links_hover_color":"","ocean_display_footer_widgets":"default","ocean_display_footer_bottom":"default","ocean_custom_footer_template":"0"},"product_brand":[],"product_cat":[169,172,173,184,160,166,179,15],"product_tag":[],"class_list":{"0":"post-2511","1":"product","2":"type-product","3":"status-publish","4":"has-post-thumbnail","6":"product_cat-3-cuerpos","7":"product_cat-modelo","8":"product_cat-otro","9":"product_cat-pana-antimanchas","10":"product_cat-sillones","11":"product_cat-tamano","12":"product_cat-tela","13":"product_cat-todo","15":"entry","16":"has-media","18":"first","19":"instock","20":"sale","21":"shipping-taxable","22":"purchasable","23":"product-type-simple","24":"has-product-nav","25":"col","26":"span_1_of_3","27":"owp-content-center","28":"owp-thumbs-layout-horizontal","29":"owp-btn-big","30":"owp-tabs-layout-vertical"},"aioseo_notices":[],"jetpack_sharing_enabled":true,"_links":{"self":[{"href":"https:\/\/bairesdeluxe.com.ar\/index.php?rest_route=\/wp\/v2\/product\/2511","targetHints":{"allow":["GET"]}}],"collection":[{"href":"https:\/\/bairesdeluxe.com.ar\/index.php?rest_route=\/wp\/v2\/product"}],"about":[{"href":"https:\/\/bairesdeluxe.com.ar\/index.php?rest_route=\/wp\/v2\/types\/product"}],"wp:featuredmedia":[{"embeddable":true,"href":"https:\/\/bairesdeluxe.com.ar\/index.php?rest_route=\/wp\/v2\/media\/2513"}],"wp:attachment":[{"href":"https:\/\/bairesdeluxe.com.ar\/index.php?rest_route=%2Fwp%2Fv2%2Fmedia&parent=2511"}],"wp:term":[{"taxonomy":"product_brand","embeddable":true,"href":"https:\/\/bairesdeluxe.com.ar\/index.php?rest_route=%2Fwp%2Fv2%2Fproduct_brand&post=2511"},{"taxonomy":"product_cat","embeddable":true,"href":"https:\/\/bairesdeluxe.com.ar\/index.php?rest_route=%2Fwp%2Fv2%2Fproduct_cat&post=2511"},{"taxonomy":"product_tag","embeddable":true,"href":"https:\/\/bairesdeluxe.com.ar\/index.php?rest_route=%2Fwp%2Fv2%2Fproduct_tag&post=2511"}],"curies":[{"name":"wp","href":"https:\/\/api.w.org\/{rel}","templated":true}]}}