{"id":2502,"date":"2021-03-25T17:16:07","date_gmt":"2021-03-25T20:16:07","guid":{"rendered":"https:\/\/bairesdeluxe.com.ar\/?post_type=product&#038;p=2502"},"modified":"2026-04-20T11:51:21","modified_gmt":"2026-04-20T14:51:21","slug":"sillon-ghost-2-cuerpos-puff-funda-tussor","status":"publish","type":"product","link":"https:\/\/bairesdeluxe.com.ar\/?product=sillon-ghost-2-cuerpos-puff-funda-tussor","title":{"rendered":"Sillon Ghost 3 Cuerpos + Puff Funda Tussor"},"content":{"rendered":"<p><strong>Sillon Ghost 2 Cuerpos + Puff Funda Tussor<\/strong><\/p>\n<p>Combina lo mejor del dise\u00f1o contempor\u00e1neo con un valor inigualables, la colecci\u00f3n de sillones GhostDeluxe es perfecta para brindar un estilo de alta calidad a tu hogar, estas en el lugar indicado!!<\/p>\n<p>Con funda Tussor a lecci\u00f3n seg\u00fan catalogo, ideal para sentarse y relajarse, crea un ambiente limpio, hermoso y saludable, con estilo minimalista, lo mejor es que desmontas la funda la lavas y listo como nuevo todo, quieres cambiar la deco!!! no hay problema cambias la funda unos cojines y ya esta.<\/p>\n<p><strong>DIMENSIONES APROX:<\/strong><\/p>\n<p>*Altura: 80 cm<\/p>\n<p>*Ancho: desde 190cm hasta 210 cm<\/p>\n<p>*Profundidad: 85 cm<\/p>\n<p>*Grosor del apoyabrazos: 14 o 8.50cm<\/p>\n<p>*Altura del asiento: 45 cm<\/p>\n<p><strong>PUFF:<\/strong>\u00a070x80x45cm<\/p>\n<p><strong>CARACTER\u00cdSTICAS:<\/strong><\/p>\n<p>*Tipo: Sill\u00f3n<\/p>\n<p>*Color: hueso, gris, negro y azul (elecci\u00f3n)<\/p>\n<p>*Material Principal: lienzo Bull crudo<\/p>\n<p>*Material adicional: Madera, espuma de alta densidad.<\/p>\n<p>*Capacidad de peso: 270kg<\/p>\n<p>*Estilo de los apoyabrazos: cubo o brazos finos<\/p>\n<p>*Funda Tussor desmontable y lavable: colores a elecci\u00f3n<\/p>\n<p>*Estructura de madera saligna entera Estacionada, encolada y clavada, para garantizar su estructura firme.<\/p>\n<p>*Asientos de placa Soft de 28kg de alta densidad efecto memoria<\/p>\n<p>*Almohad\u00f3n en Vell\u00f3n siliconado<\/p>\n<p>*Tapizados en lienzo marca Bull de alta resistencia, (Seg\u00fan Prefieras)<\/p>\n<p>Producto personalizable<\/p>\n<p><strong>VENTAJAS:<\/strong><\/p>\n<p>*M\u00e1ximo confort<\/p>\n<p>*Solida estructura<\/p>\n<p>*Materiales de alt\u00edsima calidad<\/p>\n<p>*Dise\u00f1o tradicional con un toque moderno<\/p>\n<p>*De muy f\u00e1cil mantenimiento<\/p>\n<p>*C\u00f3modo asiento acolchado<\/p>\n<p><strong>OTRAS OPCIONES:<\/strong><\/p>\n<p>&#8211; Si lo prefieres de 90cm tiene costo adicional<\/p>\n<p>&#8211; Consulte por Patas en Aluminio.<\/p>\n<p>&#8211; Consulte por otras medidas.<\/p>\n<p>&#8211; Consulte por otras Telas Disponibles.<\/p>\n","protected":false},"excerpt":{"rendered":"<p>Sillon Ghost 2 Cuerpos + Puff Funda Tussor Combina lo mejor del dise\u00f1o contempor\u00e1neo con un valor inigualables, la colecci\u00f3n de sillones GhostDeluxe es perfecta para brindar un estilo de alta calidad a tu hogar, estas en el lugar indicado!! Con funda Tussor a lecci\u00f3n seg\u00fan catalogo, ideal para sentarse y relajarse, crea un ambiente [&hellip;]<\/p>\n","protected":false},"featured_media":2505,"template":"","meta":{"ocean_post_layout":"","ocean_both_sidebars_style":"","ocean_both_sidebars_content_width":0,"ocean_both_sidebars_sidebars_width":0,"ocean_sidebar":"0","ocean_second_sidebar":"0","ocean_disable_margins":"enable","ocean_add_body_class":"","ocean_shortcode_before_top_bar":"","ocean_shortcode_after_top_bar":"","ocean_shortcode_before_header":"","ocean_shortcode_after_header":"","ocean_has_shortcode":"","ocean_shortcode_after_title":"","ocean_shortcode_before_footer_widgets":"","ocean_shortcode_after_footer_widgets":"","ocean_shortcode_before_footer_bottom":"","ocean_shortcode_after_footer_bottom":"","ocean_display_top_bar":"default","ocean_display_header":"default","ocean_header_style":"","ocean_center_header_left_menu":"0","ocean_custom_header_template":"0","ocean_custom_logo":0,"ocean_custom_retina_logo":0,"ocean_custom_logo_max_width":0,"ocean_custom_logo_tablet_max_width":0,"ocean_custom_logo_mobile_max_width":0,"ocean_custom_logo_max_height":0,"ocean_custom_logo_tablet_max_height":0,"ocean_custom_logo_mobile_max_height":0,"ocean_header_custom_menu":"0","ocean_menu_typo_font_family":"0","ocean_menu_typo_font_subset":"","ocean_menu_typo_font_size":0,"ocean_menu_typo_font_size_tablet":0,"ocean_menu_typo_font_size_mobile":0,"ocean_menu_typo_font_size_unit":"px","ocean_menu_typo_font_weight":"","ocean_menu_typo_font_weight_tablet":"","ocean_menu_typo_font_weight_mobile":"","ocean_menu_typo_transform":"","ocean_menu_typo_transform_tablet":"","ocean_menu_typo_transform_mobile":"","ocean_menu_typo_line_height":0,"ocean_menu_typo_line_height_tablet":0,"ocean_menu_typo_line_height_mobile":0,"ocean_menu_typo_line_height_unit":"","ocean_menu_typo_spacing":0,"ocean_menu_typo_spacing_tablet":0,"ocean_menu_typo_spacing_mobile":0,"ocean_menu_typo_spacing_unit":"","ocean_menu_link_color":"","ocean_menu_link_color_hover":"","ocean_menu_link_color_active":"","ocean_menu_link_background":"","ocean_menu_link_hover_background":"","ocean_menu_link_active_background":"","ocean_menu_social_links_bg":"","ocean_menu_social_hover_links_bg":"","ocean_menu_social_links_color":"","ocean_menu_social_hover_links_color":"","ocean_disable_title":"default","ocean_disable_heading":"default","ocean_post_title":"","ocean_post_subheading":"","ocean_post_title_style":"","ocean_post_title_background_color":"","ocean_post_title_background":0,"ocean_post_title_bg_image_position":"","ocean_post_title_bg_image_attachment":"","ocean_post_title_bg_image_repeat":"","ocean_post_title_bg_image_size":"","ocean_post_title_height":0,"ocean_post_title_bg_overlay":0.5,"ocean_post_title_bg_overlay_color":"","ocean_disable_breadcrumbs":"default","ocean_breadcrumbs_color":"","ocean_breadcrumbs_separator_color":"","ocean_breadcrumbs_links_color":"","ocean_breadcrumbs_links_hover_color":"","ocean_display_footer_widgets":"default","ocean_display_footer_bottom":"default","ocean_custom_footer_template":"0"},"product_brand":[723],"product_cat":[170,175,165,172,166,179,15,186],"product_tag":[645,603,607,605,608,646],"class_list":{"0":"post-2502","1":"product","2":"type-product","3":"status-publish","4":"has-post-thumbnail","6":"product_brand-bairesdeluxe","7":"product_cat-2-cuerpos","8":"product_cat-ghost","9":"product_cat-juegos","10":"product_cat-modelo","11":"product_cat-tamano","12":"product_cat-tela","13":"product_cat-todo","14":"product_cat-tussor","15":"product_tag-sillon-funda","16":"product_tag-sillones-a-medida","17":"product_tag-sillones-bonitos","18":"product_tag-sillones-comodos","19":"product_tag-sillones-de-diseno","20":"product_tag-sillones-delujo","22":"entry","23":"has-media","25":"first","26":"instock","27":"shipping-taxable","28":"purchasable","29":"product-type-simple","30":"has-product-nav","31":"col","32":"span_1_of_3","33":"owp-content-center","34":"owp-thumbs-layout-horizontal","35":"owp-btn-big","36":"owp-tabs-layout-vertical"},"aioseo_notices":[],"jetpack_sharing_enabled":true,"_links":{"self":[{"href":"https:\/\/bairesdeluxe.com.ar\/index.php?rest_route=\/wp\/v2\/product\/2502","targetHints":{"allow":["GET"]}}],"collection":[{"href":"https:\/\/bairesdeluxe.com.ar\/index.php?rest_route=\/wp\/v2\/product"}],"about":[{"href":"https:\/\/bairesdeluxe.com.ar\/index.php?rest_route=\/wp\/v2\/types\/product"}],"wp:featuredmedia":[{"embeddable":true,"href":"https:\/\/bairesdeluxe.com.ar\/index.php?rest_route=\/wp\/v2\/media\/2505"}],"wp:attachment":[{"href":"https:\/\/bairesdeluxe.com.ar\/index.php?rest_route=%2Fwp%2Fv2%2Fmedia&parent=2502"}],"wp:term":[{"taxonomy":"product_brand","embeddable":true,"href":"https:\/\/bairesdeluxe.com.ar\/index.php?rest_route=%2Fwp%2Fv2%2Fproduct_brand&post=2502"},{"taxonomy":"product_cat","embeddable":true,"href":"https:\/\/bairesdeluxe.com.ar\/index.php?rest_route=%2Fwp%2Fv2%2Fproduct_cat&post=2502"},{"taxonomy":"product_tag","embeddable":true,"href":"https:\/\/bairesdeluxe.com.ar\/index.php?rest_route=%2Fwp%2Fv2%2Fproduct_tag&post=2502"}],"curies":[{"name":"wp","href":"https:\/\/api.w.org\/{rel}","templated":true}]}}