{"id":2227,"date":"2021-03-23T18:05:39","date_gmt":"2021-03-23T21:05:39","guid":{"rendered":"https:\/\/bairesdeluxe.com.ar\/?post_type=product&#038;p=2227"},"modified":"2025-09-13T14:21:45","modified_gmt":"2025-09-13T17:21:45","slug":"sillon-esquinero-familiar-priamo-295mts-x-2mts-pana-antimancha","status":"publish","type":"product","link":"https:\/\/bairesdeluxe.com.ar\/?product=sillon-esquinero-familiar-priamo-295mts-x-2mts-pana-antimancha","title":{"rendered":"Sill\u00f3n Esquinero Familiar Priamo 2,95mts X 2mts Pana Antimancha"},"content":{"rendered":"<p><strong>Sill\u00f3n Esquinero Familiar Priamo 2,95mts X 2mts Pana Antimancha<\/strong><\/p>\n<p>Este hermoso sof\u00e1 de esquina izquierda o derecha ofrece mucho espacio para que tres personas se relajen en tu sala de estar. Tiene un dise\u00f1o sobrio y contempor\u00e1neo con patas de metal y tapiceria de tela pana antimancha. Se beneficia de sus apoyabrazos cuadrados y un coj\u00edn de respaldo para una m\u00e1xima comodidad, se incluyen cojines de dispersi\u00f3n y no se requiere ensamblaje<\/p>\n<p>CARACTER\u00cdSTICAS:<\/p>\n<p>*Estructura de Madera Saligna maciza tratada y estacionada, encastrada, encolada, y clavada perfectamente. Asiento de Placa Soft.<\/p>\n<p>*Almohadones de respaldo rellenos de vell\u00f3n y microporo suave importado<\/p>\n<p>*Costuras a la vista<\/p>\n<p>*Placa enteriza para mayor firmeza, placa soff de alta densidad 28 kilos efecto memoria<\/p>\n<p>*Asientos en soff de alta densidad y respaldos en vellon siliconado y micro-copo.<\/p>\n<p>MEDIDAS:<\/p>\n<p>*Altura Total: 70 cm<\/p>\n<p>*Ancho: 295cm x 205cm de profundidad<\/p>\n<p>*Profundidad asiento 90cm<\/p>\n<p>*Coj\u00edn de respaldo 35cm<\/p>\n<p>*Ancho del Apoyabrazos: 25 cm<\/p>\n<p>*Espesor de Asiento Placa Soft Efecto Memoria : 14 cm<\/p>\n<p>*Altura del asiento: 35 cm<\/p>\n<p>*Capacidad de carga: 420 kg<\/p>\n<p>*Densidad del relleno del asiento: 28Kg\/m3<\/p>\n<p>OTRAS OPCIONES:<\/p>\n<p>&#8211; Consulte por Patas de Aluminio<\/p>\n<p>\u2013 Consulte por otras medidas.<\/p>\n<p>\u2013 Consulte por otras Telas Disponibles<\/p>\n","protected":false},"excerpt":{"rendered":"<p>Sill\u00f3n Esquinero Familiar Priamo 2,95mts X 2mts Pana Antimancha Este hermoso sof\u00e1 de esquina izquierda o derecha ofrece mucho espacio para que tres personas se relajen en tu sala de estar. Tiene un dise\u00f1o sobrio y contempor\u00e1neo con patas de metal y tapiceria de tela pana antimancha. Se beneficia de sus apoyabrazos cuadrados y un [&hellip;]<\/p>\n","protected":false},"featured_media":2231,"template":"","meta":{"ocean_post_layout":"","ocean_both_sidebars_style":"","ocean_both_sidebars_content_width":0,"ocean_both_sidebars_sidebars_width":0,"ocean_sidebar":"0","ocean_second_sidebar":"0","ocean_disable_margins":"enable","ocean_add_body_class":"","ocean_shortcode_before_top_bar":"","ocean_shortcode_after_top_bar":"","ocean_shortcode_before_header":"","ocean_shortcode_after_header":"","ocean_has_shortcode":"","ocean_shortcode_after_title":"","ocean_shortcode_before_footer_widgets":"","ocean_shortcode_after_footer_widgets":"","ocean_shortcode_before_footer_bottom":"","ocean_shortcode_after_footer_bottom":"","ocean_display_top_bar":"default","ocean_display_header":"default","ocean_header_style":"","ocean_center_header_left_menu":"0","ocean_custom_header_template":"0","ocean_custom_logo":0,"ocean_custom_retina_logo":0,"ocean_custom_logo_max_width":0,"ocean_custom_logo_tablet_max_width":0,"ocean_custom_logo_mobile_max_width":0,"ocean_custom_logo_max_height":0,"ocean_custom_logo_tablet_max_height":0,"ocean_custom_logo_mobile_max_height":0,"ocean_header_custom_menu":"0","ocean_menu_typo_font_family":"0","ocean_menu_typo_font_subset":"","ocean_menu_typo_font_size":0,"ocean_menu_typo_font_size_tablet":0,"ocean_menu_typo_font_size_mobile":0,"ocean_menu_typo_font_size_unit":"px","ocean_menu_typo_font_weight":"","ocean_menu_typo_font_weight_tablet":"","ocean_menu_typo_font_weight_mobile":"","ocean_menu_typo_transform":"","ocean_menu_typo_transform_tablet":"","ocean_menu_typo_transform_mobile":"","ocean_menu_typo_line_height":0,"ocean_menu_typo_line_height_tablet":0,"ocean_menu_typo_line_height_mobile":0,"ocean_menu_typo_line_height_unit":"","ocean_menu_typo_spacing":0,"ocean_menu_typo_spacing_tablet":0,"ocean_menu_typo_spacing_mobile":0,"ocean_menu_typo_spacing_unit":"","ocean_menu_link_color":"","ocean_menu_link_color_hover":"","ocean_menu_link_color_active":"","ocean_menu_link_background":"","ocean_menu_link_hover_background":"","ocean_menu_link_active_background":"","ocean_menu_social_links_bg":"","ocean_menu_social_hover_links_bg":"","ocean_menu_social_links_color":"","ocean_menu_social_hover_links_color":"","ocean_disable_title":"default","ocean_disable_heading":"default","ocean_post_title":"","ocean_post_subheading":"","ocean_post_title_style":"","ocean_post_title_background_color":"","ocean_post_title_background":0,"ocean_post_title_bg_image_position":"","ocean_post_title_bg_image_attachment":"","ocean_post_title_bg_image_repeat":"","ocean_post_title_bg_image_size":"","ocean_post_title_height":0,"ocean_post_title_bg_overlay":0.5,"ocean_post_title_bg_overlay_color":"","ocean_disable_breadcrumbs":"default","ocean_breadcrumbs_color":"","ocean_breadcrumbs_separator_color":"","ocean_breadcrumbs_links_color":"","ocean_breadcrumbs_links_hover_color":"","ocean_display_footer_widgets":"default","ocean_display_footer_bottom":"default","ocean_custom_footer_template":"0"},"product_brand":[],"product_cat":[168,161,172,173,184,166,179,15],"product_tag":[],"class_list":{"0":"post-2227","1":"product","2":"type-product","3":"status-publish","4":"has-post-thumbnail","6":"product_cat-de-3-cuerpos","7":"product_cat-esquineros","8":"product_cat-modelo","9":"product_cat-otro","10":"product_cat-pana-antimanchas","11":"product_cat-tamano","12":"product_cat-tela","13":"product_cat-todo","15":"entry","16":"has-media","18":"first","19":"instock","20":"shipping-taxable","21":"purchasable","22":"product-type-simple","23":"has-product-nav","24":"col","25":"span_1_of_3","26":"owp-content-center","27":"owp-thumbs-layout-horizontal","28":"owp-btn-big","29":"owp-tabs-layout-vertical"},"aioseo_notices":[],"jetpack_sharing_enabled":true,"_links":{"self":[{"href":"https:\/\/bairesdeluxe.com.ar\/index.php?rest_route=\/wp\/v2\/product\/2227","targetHints":{"allow":["GET"]}}],"collection":[{"href":"https:\/\/bairesdeluxe.com.ar\/index.php?rest_route=\/wp\/v2\/product"}],"about":[{"href":"https:\/\/bairesdeluxe.com.ar\/index.php?rest_route=\/wp\/v2\/types\/product"}],"wp:featuredmedia":[{"embeddable":true,"href":"https:\/\/bairesdeluxe.com.ar\/index.php?rest_route=\/wp\/v2\/media\/2231"}],"wp:attachment":[{"href":"https:\/\/bairesdeluxe.com.ar\/index.php?rest_route=%2Fwp%2Fv2%2Fmedia&parent=2227"}],"wp:term":[{"taxonomy":"product_brand","embeddable":true,"href":"https:\/\/bairesdeluxe.com.ar\/index.php?rest_route=%2Fwp%2Fv2%2Fproduct_brand&post=2227"},{"taxonomy":"product_cat","embeddable":true,"href":"https:\/\/bairesdeluxe.com.ar\/index.php?rest_route=%2Fwp%2Fv2%2Fproduct_cat&post=2227"},{"taxonomy":"product_tag","embeddable":true,"href":"https:\/\/bairesdeluxe.com.ar\/index.php?rest_route=%2Fwp%2Fv2%2Fproduct_tag&post=2227"}],"curies":[{"name":"wp","href":"https:\/\/api.w.org\/{rel}","templated":true}]}}