{"id":2070,"date":"2021-03-23T15:06:21","date_gmt":"2021-03-23T18:06:21","guid":{"rendered":"https:\/\/bairesdeluxe.com.ar\/?post_type=product&#038;p=2070"},"modified":"2025-11-11T09:46:17","modified_gmt":"2025-11-11T12:46:17","slug":"combo-nordico-sillon-3-cuerpos-sillon-1-cuerpo-banqueta-lino-antidesgarros","status":"publish","type":"product","link":"https:\/\/bairesdeluxe.com.ar\/?product=combo-nordico-sillon-3-cuerpos-sillon-1-cuerpo-banqueta-lino-antidesgarros","title":{"rendered":"Combo N\u00f3rdico Sill\u00f3n 3 Cuerpos + Sill\u00f3n 1 Cuerpo + Banqueta Lino Antidesgarros"},"content":{"rendered":"<p><strong>Combo N\u00f3rdico Sill\u00f3n 3 Cuerpos + Sill\u00f3n 1 Cuerpo + Banqueta Lino Antidesgarros<\/strong><\/p>\n<p>Muy elegante, el combo de Sillones n\u00f3rdico vintage no solo tiene un dise\u00f1o excepcional.<\/p>\n<p>Con sus patas en madera color natural que garantizan su estabilidad, cuenta con botones decorativos en el respaldo, este dise\u00f1o es atemporal, el sill\u00f3n n\u00f3rdico introducir\u00e1 un estilo refinado en cualquier interior y su c\u00f3modo respaldo lo invita a sentarse y relajarse. El sof\u00e1 se ajustar\u00e1 perfectamente a la sala de estar y al dormitorio.<\/p>\n<p><strong>CARACTER\u00cdSTICAS:<\/strong><\/p>\n<p>*Estructura de madera maciza de 1\u2033 pulgada de espesor.<\/p>\n<p>*El esqueleto es perfectamente encuadrado, encolado, clavado y engrapado para su firmeza y estabilidad estructural integral.<\/p>\n<p>*Tapizado en Lino Alpha Anti-Desgarro Precio Publicado<\/p>\n<p>*Asiento relleno de placas Piero Efecto Memoria de alta resistencia de densidad 28 kg, la espuma de alta resistencia es m\u00e1s confortable y m\u00e1s s\u00f3lida que las espumas cl\u00e1sicas por lo que te garantiza un gran confort y una mejor resistencia al paso del tiempo.<\/p>\n<p>*Respaldo y Apoyabrazos relleno de espuma de poliuretano Piero de densidad 24 kg<\/p>\n<p>*Suspensi\u00f3n del respaldo sobre cintas el\u00e1sticas.<\/p>\n<p>*Placa enteriza para mayor firmeza, placa soff de alta densidad 22 kilos patas cebollas<\/p>\n<p>*Tapizado entero<\/p>\n<p><strong>MEDIDAS Sill\u00f3n de 3 cuerpos:<\/strong><\/p>\n<p>*Ancho 183<\/p>\n<p>*Alto 79 cm<\/p>\n<p>*Profundidad 80 cm<\/p>\n<p><strong>MEDIDAS Sill\u00f3n de 1 cuerpo:<\/strong><\/p>\n<p>*Ancho 83 cm<\/p>\n<p>*Alto 79 cm<\/p>\n<p>*Profundidad 80 cm<\/p>\n<p><strong>MEDIDAS de Banqueta: <\/strong>45x45x45 cm<\/p>\n<p><strong>VENTAJAS:<\/strong><\/p>\n<p>*El sill\u00f3n atemporal ofrece total comodidad.<\/p>\n<p>*La altura del asiento proporciona un confort de asiento \u00f3ptimo.<\/p>\n<p>*La tapicer\u00eda c\u00f3moda y estos sof\u00e1s de sal\u00f3n son extremadamente c\u00f3modos<\/p>\n<p>*El sof\u00e1 es incre\u00edblemente estable y f\u00e1cil de mantener.<\/p>\n<p><strong>OTRAS OPCIONES:<\/strong><\/p>\n<p>&#8211; Consulte por Patas de Aluminio<\/p>\n<p>\u2013 Consulte por otras medidas.<\/p>\n<p>\u2013 Consulte por otras Telas Disponibles<\/p>\n","protected":false},"excerpt":{"rendered":"<p>Combo N\u00f3rdico Sill\u00f3n 3 Cuerpos + Sill\u00f3n 1 Cuerpo + Banqueta Lino Antidesgarros Muy elegante, el combo de Sillones n\u00f3rdico vintage no solo tiene un dise\u00f1o excepcional. Con sus patas en madera color natural que garantizan su estabilidad, cuenta con botones decorativos en el respaldo, este dise\u00f1o es atemporal, el sill\u00f3n n\u00f3rdico introducir\u00e1 un estilo [&hellip;]<\/p>\n","protected":false},"featured_media":6311,"template":"","meta":{"ocean_post_layout":"","ocean_both_sidebars_style":"","ocean_both_sidebars_content_width":0,"ocean_both_sidebars_sidebars_width":0,"ocean_sidebar":"0","ocean_second_sidebar":"0","ocean_disable_margins":"enable","ocean_add_body_class":"","ocean_shortcode_before_top_bar":"","ocean_shortcode_after_top_bar":"","ocean_shortcode_before_header":"","ocean_shortcode_after_header":"","ocean_has_shortcode":"","ocean_shortcode_after_title":"","ocean_shortcode_before_footer_widgets":"","ocean_shortcode_after_footer_widgets":"","ocean_shortcode_before_footer_bottom":"","ocean_shortcode_after_footer_bottom":"","ocean_display_top_bar":"default","ocean_display_header":"default","ocean_header_style":"","ocean_center_header_left_menu":"0","ocean_custom_header_template":"0","ocean_custom_logo":0,"ocean_custom_retina_logo":0,"ocean_custom_logo_max_width":0,"ocean_custom_logo_tablet_max_width":0,"ocean_custom_logo_mobile_max_width":0,"ocean_custom_logo_max_height":0,"ocean_custom_logo_tablet_max_height":0,"ocean_custom_logo_mobile_max_height":0,"ocean_header_custom_menu":"0","ocean_menu_typo_font_family":"0","ocean_menu_typo_font_subset":"","ocean_menu_typo_font_size":0,"ocean_menu_typo_font_size_tablet":0,"ocean_menu_typo_font_size_mobile":0,"ocean_menu_typo_font_size_unit":"px","ocean_menu_typo_font_weight":"","ocean_menu_typo_font_weight_tablet":"","ocean_menu_typo_font_weight_mobile":"","ocean_menu_typo_transform":"","ocean_menu_typo_transform_tablet":"","ocean_menu_typo_transform_mobile":"","ocean_menu_typo_line_height":0,"ocean_menu_typo_line_height_tablet":0,"ocean_menu_typo_line_height_mobile":0,"ocean_menu_typo_line_height_unit":"","ocean_menu_typo_spacing":0,"ocean_menu_typo_spacing_tablet":0,"ocean_menu_typo_spacing_mobile":0,"ocean_menu_typo_spacing_unit":"","ocean_menu_link_color":"","ocean_menu_link_color_hover":"","ocean_menu_link_color_active":"","ocean_menu_link_background":"","ocean_menu_link_hover_background":"","ocean_menu_link_active_background":"","ocean_menu_social_links_bg":"","ocean_menu_social_hover_links_bg":"","ocean_menu_social_links_color":"","ocean_menu_social_hover_links_color":"","ocean_disable_title":"default","ocean_disable_heading":"default","ocean_post_title":"","ocean_post_subheading":"","ocean_post_title_style":"","ocean_post_title_background_color":"","ocean_post_title_background":0,"ocean_post_title_bg_image_position":"","ocean_post_title_bg_image_attachment":"","ocean_post_title_bg_image_repeat":"","ocean_post_title_bg_image_size":"","ocean_post_title_height":0,"ocean_post_title_bg_overlay":0.5,"ocean_post_title_bg_overlay_color":"","ocean_disable_breadcrumbs":"default","ocean_breadcrumbs_color":"","ocean_breadcrumbs_separator_color":"","ocean_breadcrumbs_links_color":"","ocean_breadcrumbs_links_hover_color":"","ocean_display_footer_widgets":"default","ocean_display_footer_bottom":"default","ocean_custom_footer_template":"0"},"product_brand":[],"product_cat":[169,165,181,172,176,166,179,15],"product_tag":[],"class_list":{"0":"post-2070","1":"product","2":"type-product","3":"status-publish","4":"has-post-thumbnail","6":"product_cat-3-cuerpos","7":"product_cat-juegos","8":"product_cat-lino-alpha-antidesgarros","9":"product_cat-modelo","10":"product_cat-nordico","11":"product_cat-tamano","12":"product_cat-tela","13":"product_cat-todo","15":"entry","16":"has-media","18":"first","19":"instock","20":"shipping-taxable","21":"purchasable","22":"product-type-simple","23":"has-product-nav","24":"col","25":"span_1_of_3","26":"owp-content-center","27":"owp-thumbs-layout-horizontal","28":"owp-btn-big","29":"owp-tabs-layout-vertical"},"aioseo_notices":[],"jetpack_sharing_enabled":true,"_links":{"self":[{"href":"https:\/\/bairesdeluxe.com.ar\/index.php?rest_route=\/wp\/v2\/product\/2070","targetHints":{"allow":["GET"]}}],"collection":[{"href":"https:\/\/bairesdeluxe.com.ar\/index.php?rest_route=\/wp\/v2\/product"}],"about":[{"href":"https:\/\/bairesdeluxe.com.ar\/index.php?rest_route=\/wp\/v2\/types\/product"}],"wp:featuredmedia":[{"embeddable":true,"href":"https:\/\/bairesdeluxe.com.ar\/index.php?rest_route=\/wp\/v2\/media\/6311"}],"wp:attachment":[{"href":"https:\/\/bairesdeluxe.com.ar\/index.php?rest_route=%2Fwp%2Fv2%2Fmedia&parent=2070"}],"wp:term":[{"taxonomy":"product_brand","embeddable":true,"href":"https:\/\/bairesdeluxe.com.ar\/index.php?rest_route=%2Fwp%2Fv2%2Fproduct_brand&post=2070"},{"taxonomy":"product_cat","embeddable":true,"href":"https:\/\/bairesdeluxe.com.ar\/index.php?rest_route=%2Fwp%2Fv2%2Fproduct_cat&post=2070"},{"taxonomy":"product_tag","embeddable":true,"href":"https:\/\/bairesdeluxe.com.ar\/index.php?rest_route=%2Fwp%2Fv2%2Fproduct_tag&post=2070"}],"curies":[{"name":"wp","href":"https:\/\/api.w.org\/{rel}","templated":true}]}}