{"id":2061,"date":"2021-03-23T13:52:19","date_gmt":"2021-03-23T16:52:19","guid":{"rendered":"https:\/\/bairesdeluxe.com.ar\/?post_type=product&#038;p=2061"},"modified":"2025-11-11T09:17:48","modified_gmt":"2025-11-11T12:17:48","slug":"sillon-sofa-cama-lexie-2-cuerpos-pana-antimanchas","status":"publish","type":"product","link":"https:\/\/bairesdeluxe.com.ar\/?product=sillon-sofa-cama-lexie-2-cuerpos-pana-antimanchas","title":{"rendered":"Sill\u00f3n Sof\u00e1 Cama Lexie 2 Cuerpos Pana Antimanchas"},"content":{"rendered":"<p><strong>Sill\u00f3n Sof\u00e1 Cama Lexie 2 Cuerpos Lino Antidesgarros<\/strong><\/p>\n<p>Todos los sillones son a fabricar el stock que aparece es para que puedas elegir de acuerdo a tus deseos y necesidades.<\/p>\n<p>Convierte tu hermoso sof\u00e1 en una cama comoda para descansar, brindale a tus invitados un lugar para dormir placenteramente.<\/p>\n<p><strong>CARACTER\u00cdSTICAS:<\/strong><\/p>\n<p>*Extremadamente c\u00f3modo con perfecta profundidad del asiento<\/p>\n<p>*L\u00edneas limpias y dise\u00f1o elegante que crean un punto focal para cualquier espacio habitable.<\/p>\n<p>*Estructura de madera maciza de 1\u2033 pulgada de espesor.<\/p>\n<p>*El esqueleto es perfectamente encuadrado, encolado, clavado y engrapado para su firmeza y estabilidad estructural integral.<\/p>\n<p>*Asiento relleno de placas Piero Efecto Memoria de alta resistencia de densidad 24 kg, la espuma de alta resistencia es m\u00e1s confortable y m\u00e1s s\u00f3lida que las espumas cl\u00e1sicas por lo que te garantiza un gran confort y una mejor resistencia al paso del tiempo.<\/p>\n<p>*Respaldo y Apoyabrazos relleno de espuma de poliuretano Piero de densidad 22 kg<\/p>\n<p>*Suspensi\u00f3n del respaldo sobre cintas el\u00e1sticas.<\/p>\n<p>*Estructura en madera, patas en madera Dura Torneadas. Pintadas o en Color Natural.<\/p>\n<p>*Costuras dobles internas y simples externas.<\/p>\n<p><strong>MEDIDAS:<\/strong><\/p>\n<p>*Altura: 75 cm<\/p>\n<p>*Ancho: 175 cm<\/p>\n<p>*Largo \/ Profundidad: 70 cm<\/p>\n<p>*Espesor de llenado: 14 cm<\/p>\n<p>*Densidad del relleno del asiento: 28 kg \/ m3<\/p>\n<p>*Altura del asiento: 42 cm<\/p>\n<p>*Medida cuando se hace cama 190x145cm<\/p>\n<p><strong>OTRAS OPCIONES:<\/strong><\/p>\n<p>&#8211; Consulte por Patas de Aluminio<\/p>\n<p>\u2013 Consulte por otras medidas.<\/p>\n<p>\u2013 Consulte por otras Telas Disponibles<\/p>\n","protected":false},"excerpt":{"rendered":"<p>Sill\u00f3n Sof\u00e1 Cama Lexie 2 Cuerpos Lino Antidesgarros Todos los sillones son a fabricar el stock que aparece es para que puedas elegir de acuerdo a tus deseos y necesidades. Convierte tu hermoso sof\u00e1 en una cama comoda para descansar, brindale a tus invitados un lugar para dormir placenteramente. CARACTER\u00cdSTICAS: *Extremadamente c\u00f3modo con perfecta profundidad [&hellip;]<\/p>\n","protected":false},"featured_media":2978,"template":"","meta":{"ocean_post_layout":"","ocean_both_sidebars_style":"","ocean_both_sidebars_content_width":0,"ocean_both_sidebars_sidebars_width":0,"ocean_sidebar":"0","ocean_second_sidebar":"0","ocean_disable_margins":"enable","ocean_add_body_class":"","ocean_shortcode_before_top_bar":"","ocean_shortcode_after_top_bar":"","ocean_shortcode_before_header":"","ocean_shortcode_after_header":"","ocean_has_shortcode":"","ocean_shortcode_after_title":"","ocean_shortcode_before_footer_widgets":"","ocean_shortcode_after_footer_widgets":"","ocean_shortcode_before_footer_bottom":"","ocean_shortcode_after_footer_bottom":"","ocean_display_top_bar":"default","ocean_display_header":"default","ocean_header_style":"","ocean_center_header_left_menu":"0","ocean_custom_header_template":"0","ocean_custom_logo":0,"ocean_custom_retina_logo":0,"ocean_custom_logo_max_width":0,"ocean_custom_logo_tablet_max_width":0,"ocean_custom_logo_mobile_max_width":0,"ocean_custom_logo_max_height":0,"ocean_custom_logo_tablet_max_height":0,"ocean_custom_logo_mobile_max_height":0,"ocean_header_custom_menu":"0","ocean_menu_typo_font_family":"0","ocean_menu_typo_font_subset":"","ocean_menu_typo_font_size":0,"ocean_menu_typo_font_size_tablet":0,"ocean_menu_typo_font_size_mobile":0,"ocean_menu_typo_font_size_unit":"px","ocean_menu_typo_font_weight":"","ocean_menu_typo_font_weight_tablet":"","ocean_menu_typo_font_weight_mobile":"","ocean_menu_typo_transform":"","ocean_menu_typo_transform_tablet":"","ocean_menu_typo_transform_mobile":"","ocean_menu_typo_line_height":0,"ocean_menu_typo_line_height_tablet":0,"ocean_menu_typo_line_height_mobile":0,"ocean_menu_typo_line_height_unit":"","ocean_menu_typo_spacing":0,"ocean_menu_typo_spacing_tablet":0,"ocean_menu_typo_spacing_mobile":0,"ocean_menu_typo_spacing_unit":"","ocean_menu_link_color":"","ocean_menu_link_color_hover":"","ocean_menu_link_color_active":"","ocean_menu_link_background":"","ocean_menu_link_hover_background":"","ocean_menu_link_active_background":"","ocean_menu_social_links_bg":"","ocean_menu_social_hover_links_bg":"","ocean_menu_social_links_color":"","ocean_menu_social_hover_links_color":"","ocean_disable_title":"default","ocean_disable_heading":"default","ocean_post_title":"","ocean_post_subheading":"","ocean_post_title_style":"","ocean_post_title_background_color":"","ocean_post_title_background":0,"ocean_post_title_bg_image_position":"","ocean_post_title_bg_image_attachment":"","ocean_post_title_bg_image_repeat":"","ocean_post_title_bg_image_size":"","ocean_post_title_height":0,"ocean_post_title_bg_overlay":0.5,"ocean_post_title_bg_overlay_color":"","ocean_disable_breadcrumbs":"default","ocean_breadcrumbs_color":"","ocean_breadcrumbs_separator_color":"","ocean_breadcrumbs_links_color":"","ocean_breadcrumbs_links_hover_color":"","ocean_display_footer_widgets":"default","ocean_display_footer_bottom":"default","ocean_custom_footer_template":"0"},"product_brand":[],"product_cat":[170,172,184,417,166,179,15],"product_tag":[],"class_list":{"0":"post-2061","1":"product","2":"type-product","3":"status-publish","4":"has-post-thumbnail","6":"product_cat-2-cuerpos","7":"product_cat-modelo","8":"product_cat-pana-antimanchas","9":"product_cat-sofa-cama","10":"product_cat-tamano","11":"product_cat-tela","12":"product_cat-todo","14":"entry","15":"has-media","17":"first","18":"instock","19":"shipping-taxable","20":"purchasable","21":"product-type-simple","22":"has-product-nav","23":"col","24":"span_1_of_3","25":"owp-content-center","26":"owp-thumbs-layout-horizontal","27":"owp-btn-big","28":"owp-tabs-layout-vertical"},"aioseo_notices":[],"jetpack_sharing_enabled":true,"_links":{"self":[{"href":"https:\/\/bairesdeluxe.com.ar\/index.php?rest_route=\/wp\/v2\/product\/2061","targetHints":{"allow":["GET"]}}],"collection":[{"href":"https:\/\/bairesdeluxe.com.ar\/index.php?rest_route=\/wp\/v2\/product"}],"about":[{"href":"https:\/\/bairesdeluxe.com.ar\/index.php?rest_route=\/wp\/v2\/types\/product"}],"wp:featuredmedia":[{"embeddable":true,"href":"https:\/\/bairesdeluxe.com.ar\/index.php?rest_route=\/wp\/v2\/media\/2978"}],"wp:attachment":[{"href":"https:\/\/bairesdeluxe.com.ar\/index.php?rest_route=%2Fwp%2Fv2%2Fmedia&parent=2061"}],"wp:term":[{"taxonomy":"product_brand","embeddable":true,"href":"https:\/\/bairesdeluxe.com.ar\/index.php?rest_route=%2Fwp%2Fv2%2Fproduct_brand&post=2061"},{"taxonomy":"product_cat","embeddable":true,"href":"https:\/\/bairesdeluxe.com.ar\/index.php?rest_route=%2Fwp%2Fv2%2Fproduct_cat&post=2061"},{"taxonomy":"product_tag","embeddable":true,"href":"https:\/\/bairesdeluxe.com.ar\/index.php?rest_route=%2Fwp%2Fv2%2Fproduct_tag&post=2061"}],"curies":[{"name":"wp","href":"https:\/\/api.w.org\/{rel}","templated":true}]}}