{"id":1929,"date":"2021-03-23T10:16:55","date_gmt":"2021-03-23T13:16:55","guid":{"rendered":"https:\/\/bairesdeluxe.com.ar\/?post_type=product&#038;p=1929"},"modified":"2026-01-12T13:50:07","modified_gmt":"2026-01-12T16:50:07","slug":"combo-chesterfield-sillon-sofa-2-cuerpos-puff-100-cm-ecocuero","status":"publish","type":"product","link":"https:\/\/bairesdeluxe.com.ar\/?product=combo-chesterfield-sillon-sofa-2-cuerpos-puff-100-cm-ecocuero","title":{"rendered":"Sof\u00e1 Chester 3 Cuerpos + Puff"},"content":{"rendered":"<article class=\"text-token-text-primary w-full focus:outline-none [--shadow-height:45px] has-data-writing-block:pointer-events-none has-data-writing-block:-mt-(--shadow-height) has-data-writing-block:pt-(--shadow-height) [&amp;:has([data-writing-block])&gt;*]:pointer-events-auto scroll-mt-[calc(var(--header-height)+min(200px,max(70px,20svh)))]\" dir=\"auto\" tabindex=\"-1\" data-turn-id=\"request-WEB:cf11ff84-f33d-40e4-966f-79c6e4d2b582-0\" data-testid=\"conversation-turn-2\" data-scroll-anchor=\"false\" data-turn=\"assistant\">\n<div class=\"text-base my-auto mx-auto [--thread-content-margin:--spacing(4)] @w-sm\/main:[--thread-content-margin:--spacing(6)] @w-lg\/main:[--thread-content-margin:--spacing(16)] px-(--thread-content-margin)\">\n<div class=\"[--thread-content-max-width:40rem] @w-lg\/main:[--thread-content-max-width:48rem] mx-auto max-w-(--thread-content-max-width) flex-1 group\/turn-messages focus-visible:outline-hidden relative flex w-full min-w-0 flex-col agent-turn\" tabindex=\"-1\">\n<div class=\"flex max-w-full flex-col grow\">\n<div class=\"min-h-8 text-message relative flex w-full flex-col items-end gap-2 text-start break-words whitespace-normal [.text-message+&amp;]:mt-1\" dir=\"auto\" data-message-author-role=\"assistant\" data-message-id=\"50fb257e-1cb3-4327-8f6b-21ae0ca859f7\" data-message-model-slug=\"gpt-5-2\">\n<div class=\"flex w-full flex-col gap-1 empty:hidden first:pt-[1px]\">\n<div class=\"markdown prose dark:prose-invert w-full break-words light markdown-new-styling\">\n<h3 data-start=\"261\" data-end=\"349\">&#x1f6cb;&#xfe0f; Sof\u00e1 Chester 3 Cuerpos + Puff | Elegancia que se siente, confort que se disfruta<\/h3>\n<p data-start=\"351\" data-end=\"600\">Transform\u00e1 tu living en un espacio <strong data-start=\"386\" data-end=\"425\">sofisticado, moderno y ultra c\u00f3modo<\/strong> con el <strong data-start=\"433\" data-end=\"475\">Sof\u00e1 Chester 3 Cuerpos de Bairesdeluxe<\/strong>. Su dise\u00f1o cl\u00e1sico renovado aporta <strong data-start=\"511\" data-end=\"540\">estatus, estilo y calidez<\/strong>, convirti\u00e9ndose en el protagonista indiscutido de tu hogar.<\/p>\n<p data-start=\"602\" data-end=\"856\">&#x2728; <strong data-start=\"604\" data-end=\"634\">Dise\u00f1o premium que enamora<\/strong><br data-start=\"634\" data-end=\"637\" \/>Tapizado en <strong data-start=\"649\" data-end=\"673\">ecocuero intervenido<\/strong>, elegante y f\u00e1cil de limpiar, ideal para el uso diario sin perder presencia ni distinci\u00f3n. Su formato amplio permite disfrutarlo solo o en compa\u00f1\u00eda, creando momentos \u00fanicos de relax.<\/p>\n<p data-start=\"858\" data-end=\"888\">&#x1fab5; <strong data-start=\"861\" data-end=\"886\">Calidad que dura a\u00f1os<\/strong><\/p>\n<ul data-start=\"889\" data-end=\"1060\">\n<li data-start=\"889\" data-end=\"935\">\n<p data-start=\"891\" data-end=\"935\">Estructura reforzada en <strong data-start=\"915\" data-end=\"933\">madera saligna<\/strong><\/p>\n<\/li>\n<li data-start=\"936\" data-end=\"1003\">\n<p data-start=\"938\" data-end=\"1003\"><strong data-start=\"938\" data-end=\"981\">Relleno de goma espuma de alta densidad<\/strong> para m\u00e1ximo confort<\/p>\n<\/li>\n<li data-start=\"1004\" data-end=\"1060\">\n<p data-start=\"1006\" data-end=\"1060\"><strong data-start=\"1006\" data-end=\"1038\">Patas de madera color marr\u00f3n<\/strong>, firmes y est\u00e9ticas<\/p>\n<\/li>\n<\/ul>\n<p data-start=\"1062\" data-end=\"1101\">&#x1f4cf; <strong data-start=\"1065\" data-end=\"1099\">Medidas ideales para tu living<\/strong><\/p>\n<ul data-start=\"1102\" data-end=\"1172\">\n<li data-start=\"1102\" data-end=\"1123\">\n<p data-start=\"1104\" data-end=\"1123\">Ancho: <strong data-start=\"1111\" data-end=\"1121\">200 cm<\/strong><\/p>\n<\/li>\n<li data-start=\"1124\" data-end=\"1150\">\n<p data-start=\"1126\" data-end=\"1150\">Profundidad: <strong data-start=\"1139\" data-end=\"1148\">95 cm<\/strong><\/p>\n<\/li>\n<li data-start=\"1151\" data-end=\"1172\">\n<p data-start=\"1153\" data-end=\"1172\">Altura: <strong data-start=\"1161\" data-end=\"1170\">72 cm<\/strong><\/p>\n<\/li>\n<\/ul>\n<p data-start=\"1174\" data-end=\"1347\">&#x1f9e9; <strong data-start=\"1177\" data-end=\"1206\">Funcionalidad inteligente<\/strong><br data-start=\"1206\" data-end=\"1209\" \/>Incluye <strong data-start=\"1217\" data-end=\"1238\">puff multifunci\u00f3n<\/strong>, perfecto como reposapi\u00e9s o asiento extra. Soporta hasta <strong data-start=\"1296\" data-end=\"1306\">320 kg<\/strong>, ideal para reuniones, familia y amigos.<\/p>\n<p data-start=\"1349\" data-end=\"1528\">&#x1f9fc; <strong data-start=\"1352\" data-end=\"1383\">Pr\u00e1ctico y pensado para vos<\/strong><br data-start=\"1383\" data-end=\"1386\" \/>&#x2714; Funda desmontable para f\u00e1cil limpieza<br data-start=\"1425\" data-end=\"1428\" \/>&#x2714; Patas desmontables para transporte sencillo<br data-start=\"1473\" data-end=\"1476\" \/>&#x2714; <strong data-start=\"1478\" data-end=\"1504\">No requiere ensamblado<\/strong>: lo us\u00e1s apenas llega<\/p>\n<p data-start=\"1530\" data-end=\"1696\">&#x1f48e; <strong data-start=\"1533\" data-end=\"1572\">Una inversi\u00f3n en estilo y comodidad<\/strong><br data-start=\"1572\" data-end=\"1575\" \/>El Sof\u00e1 Chester Bairesdeluxe no es solo un mueble, es una experiencia de confort diario y un toque de lujo para tu hogar.<\/p>\n<p data-start=\"1698\" data-end=\"1745\">&#x1f449; <strong data-start=\"1701\" data-end=\"1745\">Sumalo hoy y elev\u00e1 el nivel de tu living<\/strong><\/p>\n<\/div>\n<\/div>\n<\/div>\n<\/div>\n<\/div>\n<\/div>\n<\/article>\n<p><strong>MEDIDAS DEL PUFF CAPITONE:<\/strong><\/p>\n<p>*Precioso puff de gran calidad, tapizado en ecocuero, las medidas de 100 cent\u00edmetros por 50 cent\u00edmetros de ancho convierten a este puff en el complemento perfecto como mesa centro o asientos del sal\u00f3n. Un puff vintage que quedara estupendo en decoraciones de estilo industrial o vintage. Te garantizamos que tanto la calidad del Eco-cuero como su acabado son simplemente perfectos.<\/p>\n<p>*Altura: 50 cm \u2013 Largo: 100\u00a0 cm \u2013 Profundidad: 50 cm<\/p>\n<p><strong>Nota:<\/strong> Incluye proteccion poliuretaniuca<\/p>\n<p><strong>OTRAS OPCIONES:<\/strong><\/p>\n<p>&#8211; Consulte por Patas en Aluminio.<\/p>\n<p>&#8211; Consulte por otras medidas.<\/p>\n<p>\u2013 Consulte por otras Telas Disponibles<\/p>\n<div>\n<h4>&#x2b50; \u00bfPor qu\u00e9 Elegir Bairesdeluxe?<\/h4>\n<ul>\n<li><strong>Fabricado en Argentina<\/strong> con materiales de primera calidad y atenci\u00f3n personalizada.<\/li>\n<li><strong>Garant\u00eda Total:<\/strong> 12 meses de cobertura de f\u00e1brica.<\/li>\n<li><strong>Env\u00edos a todo el pa\u00eds<\/strong>.<\/li>\n<\/ul>\n<h4>&#x1f4e3; Promoci\u00f3n de Compra<\/h4>\n<blockquote><p><strong>PRECIOS EN PROMOCI\u00d3N:<\/strong> \u00a1Consulte por descuentos especiales abonando con PAGO EFECTIVO O TRANSFERENCIA!<\/p><\/blockquote>\n<h4>&#x1f381; \u00a1Complete su Rinc\u00f3n N\u00f3rdico!<\/h4>\n<p>Para maximizar el confort, le sugerimos a\u00f1adir un asiento extra. Nuestros <strong><a href=\"https:\/\/bairesdeluxe.com.ar\/product-category\/todo\/tipo\/puff\/\" target=\"_blank\" rel=\"noopener noreferrer\">Pufs N\u00f3rdicos<\/a><\/strong> a juego son el complemento perfecto.<\/p>\n<p><strong>\u00a1Explore nuestra colecci\u00f3n de <a href=\"https:\/\/bairesdeluxe.com.ar\/product-category\/todo\/tipo\/puff\/\" target=\"_blank\" rel=\"noopener noreferrer\">Pufs haciendo clic aqu\u00ed<\/a> y dise\u00f1e su espacio ideal hoy mismo!<\/strong><\/p>\n<\/div>\n<p>&#x2728; **Prueba Social y Dise\u00f1o:** \u00bfTe gustar\u00eda ver nuestros sillones en ambientes reales de clientes?<\/p>\n<p><a href=\"https:\/\/www.instagram.com\/baires.deluxe\/\" target=\"_blank\" rel=\"noopener noreferrer\"><br \/>\nVisita nuestra galer\u00eda en Instagram aqu\u00ed<br \/>\n<\/a> y descubre m\u00e1s inspiraci\u00f3n de decoraci\u00f3n.<\/p>\n","protected":false},"excerpt":{"rendered":"<p data-start=\"128\" data-end=\"319\">Sof\u00e1 Chester 3 cuerpos con puff incluido, tapizado en ecocuero premium, dise\u00f1o elegante y cl\u00e1sico, estructura de madera saligna, espuma de alta densidad, c\u00f3modo, resistente y listo para usar.<\/p>\n","protected":false},"featured_media":9548,"template":"","meta":{"ocean_post_layout":"","ocean_both_sidebars_style":"","ocean_both_sidebars_content_width":0,"ocean_both_sidebars_sidebars_width":0,"ocean_sidebar":"0","ocean_second_sidebar":"0","ocean_disable_margins":"enable","ocean_add_body_class":"","ocean_shortcode_before_top_bar":"","ocean_shortcode_after_top_bar":"","ocean_shortcode_before_header":"","ocean_shortcode_after_header":"","ocean_has_shortcode":"","ocean_shortcode_after_title":"","ocean_shortcode_before_footer_widgets":"","ocean_shortcode_after_footer_widgets":"","ocean_shortcode_before_footer_bottom":"","ocean_shortcode_after_footer_bottom":"","ocean_display_top_bar":"default","ocean_display_header":"default","ocean_header_style":"","ocean_center_header_left_menu":"0","ocean_custom_header_template":"0","ocean_custom_logo":0,"ocean_custom_retina_logo":0,"ocean_custom_logo_max_width":0,"ocean_custom_logo_tablet_max_width":0,"ocean_custom_logo_mobile_max_width":0,"ocean_custom_logo_max_height":0,"ocean_custom_logo_tablet_max_height":0,"ocean_custom_logo_mobile_max_height":0,"ocean_header_custom_menu":"0","ocean_menu_typo_font_family":"0","ocean_menu_typo_font_subset":"","ocean_menu_typo_font_size":0,"ocean_menu_typo_font_size_tablet":0,"ocean_menu_typo_font_size_mobile":0,"ocean_menu_typo_font_size_unit":"px","ocean_menu_typo_font_weight":"","ocean_menu_typo_font_weight_tablet":"","ocean_menu_typo_font_weight_mobile":"","ocean_menu_typo_transform":"","ocean_menu_typo_transform_tablet":"","ocean_menu_typo_transform_mobile":"","ocean_menu_typo_line_height":0,"ocean_menu_typo_line_height_tablet":0,"ocean_menu_typo_line_height_mobile":0,"ocean_menu_typo_line_height_unit":"","ocean_menu_typo_spacing":0,"ocean_menu_typo_spacing_tablet":0,"ocean_menu_typo_spacing_mobile":0,"ocean_menu_typo_spacing_unit":"","ocean_menu_link_color":"","ocean_menu_link_color_hover":"","ocean_menu_link_color_active":"","ocean_menu_link_background":"","ocean_menu_link_hover_background":"","ocean_menu_link_active_background":"","ocean_menu_social_links_bg":"","ocean_menu_social_hover_links_bg":"","ocean_menu_social_links_color":"","ocean_menu_social_hover_links_color":"","ocean_disable_title":"default","ocean_disable_heading":"default","ocean_post_title":"","ocean_post_subheading":"","ocean_post_title_style":"","ocean_post_title_background_color":"","ocean_post_title_background":0,"ocean_post_title_bg_image_position":"","ocean_post_title_bg_image_attachment":"","ocean_post_title_bg_image_repeat":"","ocean_post_title_bg_image_size":"","ocean_post_title_height":0,"ocean_post_title_bg_overlay":0.5,"ocean_post_title_bg_overlay_color":"","ocean_disable_breadcrumbs":"default","ocean_breadcrumbs_color":"","ocean_breadcrumbs_separator_color":"","ocean_breadcrumbs_links_color":"","ocean_breadcrumbs_links_hover_color":"","ocean_display_footer_widgets":"default","ocean_display_footer_bottom":"default","ocean_custom_footer_template":"0"},"product_brand":[723],"product_cat":[170,177,183,165,172,166,179,15],"product_tag":[1141,1138,651,1139,821,1144,1134,1142,1135,1136,1140,1137,1048,751,1143],"class_list":{"0":"post-1929","1":"product","2":"type-product","3":"status-publish","4":"has-post-thumbnail","6":"product_brand-bairesdeluxe","7":"product_cat-2-cuerpos","8":"product_cat-chesterfield","9":"product_cat-eco-cuero","10":"product_cat-juegos","11":"product_cat-modelo","12":"product_cat-tamano","13":"product_cat-tela","14":"product_cat-todo","15":"product_tag-muebles-living","16":"product_tag-sillon-3-cuerpos","17":"product_tag-sillon-chesterfield","18":"product_tag-sillon-ecocuero","19":"product_tag-sofa-3-cuerpos","20":"product_tag-sofa-bairesdeluxe","21":"product_tag-sofa-chester","22":"product_tag-sofa-clasico","23":"product_tag-sofa-con-puff","24":"product_tag-sofa-ecocuero","25":"product_tag-sofa-elegante","26":"product_tag-sofa-living","27":"product_tag-sofa-moderno","28":"product_tag-sofa-premium","29":"product_tag-sofa-resistente","31":"entry","32":"has-media","34":"first","35":"instock","36":"shipping-taxable","37":"purchasable","38":"product-type-simple","39":"has-product-nav","40":"col","41":"span_1_of_3","42":"owp-content-center","43":"owp-thumbs-layout-horizontal","44":"owp-btn-big","45":"owp-tabs-layout-vertical"},"aioseo_notices":[],"jetpack_sharing_enabled":true,"_links":{"self":[{"href":"https:\/\/bairesdeluxe.com.ar\/index.php?rest_route=\/wp\/v2\/product\/1929","targetHints":{"allow":["GET"]}}],"collection":[{"href":"https:\/\/bairesdeluxe.com.ar\/index.php?rest_route=\/wp\/v2\/product"}],"about":[{"href":"https:\/\/bairesdeluxe.com.ar\/index.php?rest_route=\/wp\/v2\/types\/product"}],"wp:featuredmedia":[{"embeddable":true,"href":"https:\/\/bairesdeluxe.com.ar\/index.php?rest_route=\/wp\/v2\/media\/9548"}],"wp:attachment":[{"href":"https:\/\/bairesdeluxe.com.ar\/index.php?rest_route=%2Fwp%2Fv2%2Fmedia&parent=1929"}],"wp:term":[{"taxonomy":"product_brand","embeddable":true,"href":"https:\/\/bairesdeluxe.com.ar\/index.php?rest_route=%2Fwp%2Fv2%2Fproduct_brand&post=1929"},{"taxonomy":"product_cat","embeddable":true,"href":"https:\/\/bairesdeluxe.com.ar\/index.php?rest_route=%2Fwp%2Fv2%2Fproduct_cat&post=1929"},{"taxonomy":"product_tag","embeddable":true,"href":"https:\/\/bairesdeluxe.com.ar\/index.php?rest_route=%2Fwp%2Fv2%2Fproduct_tag&post=1929"}],"curies":[{"name":"wp","href":"https:\/\/api.w.org\/{rel}","templated":true}]}}